{"id":479,"date":"2021-03-04T12:16:56","date_gmt":"2021-03-04T12:16:56","guid":{"rendered":"https:\/\/formaciondpi.es\/wordpress\/?page_id=479"},"modified":"2021-03-04T12:28:06","modified_gmt":"2021-03-04T12:28:06","slug":"aviso-legal","status":"publish","type":"page","link":"https:\/\/formaciondpi.es\/?page_id=479","title":{"rendered":"Aviso Legal"},"content":{"rendered":"\n<p><strong>1. DATOS IDENTIFICATIVOS<\/strong><\/p>\n\n\n\n<p class=\"justificar\">El DATA PRIVACY INSTITUTE pertenece a la entidad jur\u00eddica ISMS FORUM ASOCIACI\u00d3N PARA EL FOMENTO DE LA SEGURIDAD DE LA INFORMACI\u00d3N (en adelante, ISMS FORUM) cuyo domicilio social se encuentra sito en Calle Segre, 29 1\u00baB 28002 Madrid &#8211; Espa\u00f1a, y cuyo CIF es G84994888. La direcci\u00f3n de correo electr\u00f3nico de contacto es&nbsp;<a href=\"mailto:info@ismsforum.es\">info@ismsforum.es<\/a><\/p>\n\n\n\n<p><strong>2. OBJETO Y \u00c1MBITO DE APLICACI\u00d3N<\/strong><\/p>\n\n\n\n<p class=\"justificar\">Este es el Aviso Legal que contiene las Condiciones Generales de Uso (en adelante \u00abCondiciones Generales\u00bb) que regulan el acceso, navegaci\u00f3n y uso del Sitio Web dispuesto por el DATA PRIVACY INSTITUTE, ubicado en la URL <a href=\"https:\/\/formaciondpi.es\">https:\/\/formaciondpi.es<\/a> (en adelante, Sitio Web), as\u00ed como las responsabilidades derivadas de la utilizaci\u00f3n de sus contenidos (entendiendo en adelante por \u00abcontenidos\u00bb los textos, gr\u00e1ficos, dibujos, dise\u00f1os, c\u00f3digos fuente, software, fotograf\u00edas, m\u00fasica, v\u00eddeos, sonidos, bases de datos, im\u00e1genes, logos, marcas, expresiones e informaciones, as\u00ed como cualquier otra creaci\u00f3n protegida por las leyes nacionales y los tratados internacionales sobre propiedad intelectual e industrial). El Sitio Web ha sido dispuesto por el DATA PRIVACY INSTITUTE para permitir a quienes lo deseen, acceder online a trav\u00e9s de Internet, a los contenidos dispuestos, as\u00ed como hacer uso y participar en los servicios, eventos, etc., que se proveen a trav\u00e9s del citado Sitio Web. El acceso, navegaci\u00f3n y uso del Sitio Web del DATA PRIVACY INSTITUTE conlleva y supone la aceptaci\u00f3n por el Usuario de las presentes Condiciones Generales. En este sentido, se entender\u00e1 por Usuario a la persona que acceda, navegue, utilice o participe en los servicios y actividades, gratuitas u onerosas, desarrolladas en el Sitio Web. El presente Aviso Legal tiene por objeto regular el acceso, navegaci\u00f3n y uso del Sitio Web, sin perjuicio de que el DATA PRIVACY INSTITUTE pueda establecer condiciones particulares que regulen la utilizaci\u00f3n de servicios y\/o contrataci\u00f3n de productos espec\u00edficos ofrecidos a los Usuarios a trav\u00e9s del Sitio Web.<\/p>\n\n\n\n<p><strong>3. DERECHOS DE PROPIEDAD INTELECTUAL E INDUSTRIAL<\/strong><\/p>\n\n\n\n<p class=\"justificar\">El DATA PRIVACY INSTITUTE es titular o tiene la correspondiente autorizaci\u00f3n de terceros sobre los derechos de explotaci\u00f3n de propiedad intelectual e industrial del Sitio Web, as\u00ed como de los derechos de propiedad intelectual, industrial y de imagen sobre los contenidos disponibles a trav\u00e9s del mismo. En ning\u00fan caso se entender\u00e1 que el acceso y navegaci\u00f3n del Usuario, implica una renuncia, transmisi\u00f3n, licencia o cesi\u00f3n total ni parcial de dichos derechos por parte del DATA PRIVACY INSTITUTE. En consecuencia, no est\u00e1 permitido suprimir, eludir o manipular el aviso de derechos de autor (\u00abcopyright\u00bb) y cualesquiera otros datos de identificaci\u00f3n de los derechos del DATA PRIVACY INSTITUTE o de sus titulares incorporados a los contenidos, as\u00ed como los dispositivos t\u00e9cnicos de protecci\u00f3n, las huellas digitales o cualesquiera mecanismos de informaci\u00f3n y\/o de identificaci\u00f3n que pudieren contenerse en los contenidos. Quedan reservados todos los derechos de propiedad intelectual e industrial y, en particular, queda prohibido modificar, copiar, reutilizar, explotar, reproducir, transformar, comunicar p\u00fablicamente, hacer segundas o posteriores publicaciones, cargar archivos, enviar por correo, transmitir, usar, tratar o distribuir de cualquier forma la totalidad o parte de los Contenidos y productos incluidos en el Sitio Web para prop\u00f3sitos p\u00fablicos o comerciales, si no se cuenta con la autorizaci\u00f3n expresa y por escrito del DATA PRIVACY INSTITUTE o, en su caso, del titular de los derechos a que corresponda.<\/p>\n\n\n\n<p><strong>4. ACCESO<\/strong><\/p>\n\n\n\n<p class=\"justificar\">El acceso al Sitio Web por parte de los Usuarios tiene car\u00e1cter gratuito. Queda prohibido el acceso al Sitio Web por parte de menores de edad, salvo que cuenten con la autorizaci\u00f3n previa y expresa de sus padres, tutores o representantes legales, los cuales ser\u00e1n considerados como responsables de los actos que lleven a cabo los menores a su cargo, conforme a la normativa vigente. En todo caso, se presumir\u00e1 que el acceso realizado por un menor al Sitio Web se ha realizado con autorizaci\u00f3n previa y expresa de sus padres, tutores o representantes legales. <\/p>\n\n\n\n<p><strong>5. UTILIZACI\u00d3N DEL SITIO WEB<\/strong><\/p>\n\n\n\n<p class=\"justificar\">Los contenidos incluidos en el Sitio Web se facilitan \u00fanicamente a Usuarios del mismo. Cualquier uso comercial no autorizado de los mismos, o su reventa, quedan prohibidos, salvo que se cuente con la previa autorizaci\u00f3n escrita del DATA PRIVACY INSTITUTE. El acceso, navegaci\u00f3n y uso del Sitio Web es responsabilidad del Usuario, por lo que el Usuario se compromete a observar diligente y fielmente cualquier instrucci\u00f3n adicional impartida por el DATA PRIVACY INSTITUTE o por personal autorizado del DATA PRIVACY INSTITUTE relativa al uso del Sitio Web y de sus contenidos. Por tanto, el Usuario se obliga a usar los contenidos de forma diligente, correcta y l\u00edcita y, en particular, se compromete a abstenerse de:<\/p>\n\n\n\n<ul class=\"justificar wp-block-list\"><li>Utilizar los contenidos con fines o efectos contrarios a la ley, a la moral y a las buenas costumbres generalmente aceptadas o al orden p\u00fablico.<\/li><li>Reproducir o copiar, distribuir, permitir el acceso del p\u00fablico a trav\u00e9s de cualquier modalidad de comunicaci\u00f3n p\u00fablica, transformar o modificar los contenidos, a menos que se cuente con la autorizaci\u00f3n del titular de los correspondientes derechos o ello resulte legalmente permitido.<\/li><li>Emplear los contenidos y, en particular, la informaci\u00f3n de cualquier clase obtenida a trav\u00e9s del Sitio Web o de los servicios para remitir publicidad, comunicaciones con fines de venta directa o con cualquier otra clase de finalidad comercial, mensajes no solicitados dirigidos a una pluralidad de personas con independencia de su finalidad, as\u00ed como a abstenerse de comercializar o divulgar de cualquier modo dicha informaci\u00f3n.<\/li><\/ul>\n\n\n\n<p><strong>6. LICENCIA SOBRE LAS COMUNICACIONES<\/strong><\/p>\n\n\n\n<p class=\"justificar\">En el caso de que el Usuario env\u00ede informaci\u00f3n de cualquier tipo al DATA PRIVACY INSTITUTE a trav\u00e9s del Sitio Web, mediante los canales dispuestos a tal fin en el propio Sitio Web, el Usuario declara, garantiza y acepta que tiene derecho a hacerlo libremente, que dicha informaci\u00f3n no infringe ning\u00fan derecho de propiedad intelectual, de marca, de patente, secreto comercial, o cualquier otro derecho de tercero, que dicha informaci\u00f3n no tiene car\u00e1cter confidencial y que dicha informaci\u00f3n no es perjudicial para terceros. El Usuario reconoce asumir la responsabilidad y dejar\u00e1 indemne al DATA PRIVACY INSTITUTE por cualquier comunicaci\u00f3n que suministre personalmente o a su nombre, alcanzando dicha responsabilidad sin restricci\u00f3n alguna la exactitud, legalidad, originalidad y titularidad de la misma.<\/p>\n\n\n\n<p><strong>7. RESPONSABILIDADES Y GARANT\u00cdAS<\/strong><\/p>\n\n\n\n<p class=\"justificar\">El DATA PRIVACY INSTITUTE no puede garantizar la fiabilidad, utilidad o veracidad de los servicios o de la informaci\u00f3n que se preste a trav\u00e9s del Sitio Web, ni tampoco de la utilidad o veracidad de la documentaci\u00f3n que puede ser consultada a trav\u00e9s del Sitio Web. En consecuencia, el DATA PRIVACY INSTITUTE no garantiza ni se hace responsable de:<\/p>\n\n\n\n<ul class=\"justificar wp-block-list\"><li>la continuidad de los contenidos del Sitio Web;<\/li><li>la ausencia de errores en dichos contenidos o productos;<\/li><li>la ausencia de virus y\/o dem\u00e1s componentes da\u00f1inos en el Sitio Web o en el servidor que lo suministra;<\/li><li>la invulnerabilidad del Sitio Web y\/o la inexpugnabilidad de las medidas de seguridad que se adopten en el mismo;<\/li><li>la falta de utilidad o rendimiento de los contenidos y productos del Sitio Web;<\/li><li>los da\u00f1os o perjuicios que cause, a s\u00ed mismo o a un tercero, cualquier persona que infringiera las condiciones, normas e instrucciones que el DATA PRIVACY INSTITUTE establece en el Sitio Web o a trav\u00e9s de la vulneraci\u00f3n de los sistemas de seguridad del Sitio Web.<\/li><\/ul>\n\n\n\n<p class=\"justificar\">Si el Usuario tuviera conocimiento de la existencia de alg\u00fan contenido il\u00edcito, ilegal, contrario a las leyes o que pudiera suponer una infracci\u00f3n de derechos de propiedad intelectual y\/o industrial, deber\u00e1 notificarlo inmediatamente al DATA PRIVACY INSTITUTE para que este pueda proceder a la adopci\u00f3n de las medidas oportunas.<\/p>\n\n\n\n<p><strong>8. ENLACES<br><\/strong><\/p>\n\n\n\n<p class=\"justificar\"><strong>8.1 Enlaces a otros Sitios Web<br><\/strong>En el Sitio Web, el Usuario podr\u00e1 encontrar enlaces a otros sitios web, mediante diferentes botones, links, banners, etc., los cuales son gestionados por terceros. El DATA PRIVACY INSTITUTE no tiene facultad ni medios humanos ni t\u00e9cnicos para conocer, controlar ni aprobar toda la informaci\u00f3n, contenidos, productos o servicios facilitados por otros sitios web a los que se establecen enlaces desde el Sitio Web. En consecuencia, el DATA PRIVACY INSTITUTE no puede asumir ning\u00fan tipo de responsabilidad por cualquier aspecto relativo al sitio web al que se establece un enlace desde el Sitio Web, en concreto, a t\u00edtulo enunciativo y no taxativo, sobre su funcionamiento, acceso, datos, informaci\u00f3n, archivos, calidad y fiabilidad de sus productos y servicios, sus propios enlaces y\/o cualquiera de sus contenidos, en general. El establecimiento de cualquier tipo de enlace por parte del Sitio Web a otro sitio web ajeno no implica que exista alg\u00fan tipo de relaci\u00f3n, colaboraci\u00f3n o dependencia entre el DATA PRIVACY INSTITUTE y el responsable del sitio web ajeno.<br><strong><br>8.2 Enlaces en otros sitios Web con destino al Sitio Web<br><\/strong>Si cualquier Usuario, entidad o sitio Web deseara establecer alg\u00fan tipo de enlace con destino al Sitio Web deber\u00e1 atenerse a las siguientes estipulaciones: El enlace solamente se podr\u00e1 dirigir a la P\u00e1gina Principal o Home del Sitio Web, salvo autorizaci\u00f3n expresa y por escrito del DATA PRIVACY INSTITUTE. El enlace debe ser absoluto y completo, es decir, debe llevar al Usuario, mediante un clic, a la propia direcci\u00f3n URL del DATA PRIVACY INSTITUTE <a href=\"https:\/\/formaciondpi.es\">http:\/\/formaciondpi.es<\/a> y debe abarcar completamente toda la extensi\u00f3n de la pantalla de la P\u00e1gina Principal del Sitio Web. En ning\u00fan caso, salvo que el DATA PRIVACY INSTITUTE lo autorice de manera expresa y por escrito, el sitio Web que realiza el enlace podr\u00e1 reproducir, de cualquier manera, el Sitio Web, incluirlo como parte de su Web o dentro de uno de sus \u00abframes\u00bb o crear un \u00abbrowser\u00bb sobre cualquiera de las p\u00e1ginas del Sitio Web. En la p\u00e1gina que establece el enlace no se podr\u00e1 declarar de ninguna manera que el DATA PRIVACY INSTITUTE ha autorizado tal enlace, salvo que el DATA PRIVACY INSTITUTE lo haya hecho expresamente y por escrito. Si la entidad que realiza el enlace desde su p\u00e1gina al Sitio Web correctamente deseara incluir en su p\u00e1gina Web la marca, denominaci\u00f3n, nombre comercial, r\u00f3tulo, logotipo, slogan o cualquier otro tipo de elemento identificativo del DATA PRIVACY INSTITUTE y\/o de el Sitio Web, deber\u00e1 contar previamente con su autorizaci\u00f3n expresa y por escrito. El DATA PRIVACY INSTITUTE no autoriza el establecimiento de un enlace al Sitio Web desde aquellas p\u00e1ginas Web que contengan materiales, informaci\u00f3n o contenidos il\u00edcitos, ilegales, degradantes, obscenos, y en general, que contravengan la moral, el orden p\u00fablico o las normas sociales generalmente aceptadas. El DATA PRIVACY INSTITUTE no tiene facultad ni medios humanos y t\u00e9cnicos para conocer, controlar ni aprobar toda la informaci\u00f3n, contenidos, productos o servicios facilitados por otros sitios Web que tengan establecidos enlaces con destino al Sitio Web. El DATA PRIVACY INSTITUTE no asume ning\u00fan tipo de responsabilidad por cualquier aspecto relativo al Sitio Web que establece ese enlace con destino al Sitio Web, en concreto, a t\u00edtulo enunciativo y no taxativo, sobre su funcionamiento, acceso, datos, informaci\u00f3n, archivos, calidad y fiabilidad de sus productos y servicios, sus propios enlaces y\/o cualquiera de sus contenidos, en general.<\/p>\n\n\n\n<p><strong>9. TRATAMIENTO DE DATOS PERSONALES Y POL\u00cdTICA DE PRIVACIDAD<br><\/strong><\/p>\n\n\n\n<p class=\"justificar\">Cuando sea necesario que el Usuario se registre o aporte datos personales para poder acceder a servicios, solicitar informaci\u00f3n, remitir consultas o adquirir productos, entre otros supuestos, la recogida y el tratamiento de los datos personales se regir\u00e1 por lo dispuesto en la Pol\u00edtica de Privacidad de la entidad jur\u00eddica ISMS FORUM (<a href=\"https:\/\/www.ismsforum.es\/privacidad.php\">https:\/\/www.ismsforum.es\/privacidad.php<\/a>).<\/p>\n\n\n\n<p><strong>10. USO DE COOKIES<br><\/strong><\/p>\n\n\n\n<p class=\"justificar\">El DATA PRIVACY INSTITUTE puede utilizar cookies en el Sitio Web cuando un Usuario navega por el mismo. Las cookies son ficheros enviados a un navegador por medio de un servidor web para registrar las actividades del Usuario en el Sitio Web. Las cookies utilizadas por el DATA PRIVACY INSTITUTE se asocian \u00fanicamente con un Usuario an\u00f3nimo y su ordenador, y no proporcionan en s\u00ed mismo datos personales del Usuario. <\/p>\n\n\n\n<p><strong>11. DURACI\u00d3N Y MODIFICACI\u00d3N<br><\/strong><\/p>\n\n\n\n<p class=\"justificar\">El DATA PRIVACY INSTITUTE podr\u00e1 modificar los t\u00e9rminos y condiciones integrantes del presente Aviso Legal, total o parcialmente, publicando cualquier cambio en la misma forma en que aparecen estas condiciones de uso o a trav\u00e9s de cualquier tipo de comunicaci\u00f3n dirigida a los Usuarios. La vigencia temporal del presente Aviso Legal coincide, por lo tanto, con el tiempo de su exposici\u00f3n, hasta que sean modificadas total o parcialmente, momento en el cual pasar\u00e1 a tener vigencia el Aviso Legal modificado. El DATA PRIVACY INSTITUTE podr\u00e1 dar por terminado, suspender o interrumpir, en cualquier momento sin necesidad de preaviso, el acceso a los contenidos de la p\u00e1gina, sin posibilidad por parte del Usuario de exigir indemnizaci\u00f3n alguna. Tras dicha extinci\u00f3n, seguir\u00e1n vigentes las prohibiciones de uso de los contenidos expuestas anteriormente en el presente Aviso Legal.<\/p>\n\n\n\n<p><strong>12. GENERALIDADES<br><\/strong><\/p>\n\n\n\n<p class=\"justificar\">Los encabezamientos de las distintas cl\u00e1usulas son solo informativos, y no afectar\u00e1n, calificar\u00e1n o ampliar\u00e1n la interpretaci\u00f3n del Aviso legal. En caso de existir discrepancia entre lo establecido en estas condiciones de uso y las condiciones particulares de cada servicio espec\u00edfico, prevalecer\u00e1 lo dispuesto en \u00e9stas \u00faltimas. En el caso de que cualquier disposici\u00f3n o disposiciones de estas condiciones de uso fuera(n) considerada(s) nula(s) o inaplicable(s), en su totalidad o en parte, por cualquier Juzgado, Tribunal u \u00f3rgano administrativo competente, dicha nulidad o inaplicaci\u00f3n no afectar\u00e1 a las otras disposiciones de las condiciones de uso ni a las condiciones particulares de los diferentes servicios del DATA PRIVACY INSTITUTE. El no ejercicio o ejecuci\u00f3n por parte del DATA PRIVACY INSTITUTE de cualquier derecho o disposici\u00f3n contenida en estas condiciones de uso no constituir\u00e1 una renuncia al mismo, salvo reconocimiento y acuerdo por escrito por su parte.<\/p>\n\n\n\n<p><strong>13. JURISDICCI\u00d3N<br><\/strong><\/p>\n\n\n\n<p class=\"justificar\">Las relaciones establecidas entre el DATA PRIVACY INSTITUTE y el Usuario se regir\u00e1n por lo dispuesto en la normativa vigente acerca de la legislaci\u00f3n aplicable y la jurisdicci\u00f3n competente. No obstante, para los casos en los que la normativa prevea la posibilidad a las partes de someterse a un fuero, el DATA PRIVACY INSTITUTE y el Usuario, con renuncia expresa a cualquier otro fuero que pudiera corresponderles, someter\u00e1n cualesquiera controversias y\/o litigios al conocimiento de los Juzgados y Tribunales de la ciudad de Madrid.<\/p>\n","protected":false},"excerpt":{"rendered":"<p>1. DATOS IDENTIFICATIVOS El DATA PRIVACY INSTITUTE pertenece a la entidad jur\u00eddica ISMS FORUM ASOCIACI\u00d3N PARA EL FOMENTO DE LA SEGURIDAD DE LA INFORMACI\u00d3N (en adelante, ISMS FORUM) cuyo domicilio social se encuentra sito en Calle Segre, 29 1\u00baB 28002<\/p>\n","protected":false},"author":1,"featured_media":0,"parent":0,"menu_order":0,"comment_status":"closed","ping_status":"closed","template":"","meta":{"footnotes":""},"class_list":["post-479","page","type-page","status-publish","hentry"],"_links":{"self":[{"href":"https:\/\/formaciondpi.es\/index.php?rest_route=\/wp\/v2\/pages\/479","targetHints":{"allow":["GET"]}}],"collection":[{"href":"https:\/\/formaciondpi.es\/index.php?rest_route=\/wp\/v2\/pages"}],"about":[{"href":"https:\/\/formaciondpi.es\/index.php?rest_route=\/wp\/v2\/types\/page"}],"author":[{"embeddable":true,"href":"https:\/\/formaciondpi.es\/index.php?rest_route=\/wp\/v2\/users\/1"}],"replies":[{"embeddable":true,"href":"https:\/\/formaciondpi.es\/index.php?rest_route=%2Fwp%2Fv2%2Fcomments&post=479"}],"version-history":[{"count":7,"href":"https:\/\/formaciondpi.es\/index.php?rest_route=\/wp\/v2\/pages\/479\/revisions"}],"predecessor-version":[{"id":502,"href":"https:\/\/formaciondpi.es\/index.php?rest_route=\/wp\/v2\/pages\/479\/revisions\/502"}],"wp:attachment":[{"href":"https:\/\/formaciondpi.es\/index.php?rest_route=%2Fwp%2Fv2%2Fmedia&parent=479"}],"curies":[{"name":"wp","href":"https:\/\/api.w.org\/{rel}","templated":true}]}}